culate the remainder when 32 is divided by (i/6)/((-1)/(-33)).
10
Let d = -77 - -112. Let u = -528 + 537. Calculate the remainder when d is divided by u.
8
Suppose -13 + 48 = y - m, 0 = -y - 3*m + 23. Let g = -16 + y. What is the remainder when 61 is divided by g?
13
Suppose 0 = -5*i + v + 236, 4*v + 2 = -2. Suppose -2*x = -2, 4*x - i = -5*l + 12. Calculate the remainder when 31 is divided by l.
9
Suppose -l + 52 = 3*v - 32, -v = 4*l - 281. Let y = 50 + -32. Calculate the remainder when l is divided by y.
15
Let y(m) = 6*m**2 + 4. Calculate the remainder when y(4) is divided by 34.
32
Suppose 9*v - 4*v + d = 81, -2*v - 3*d + 22 = 0. Calculate the remainder when 168 is divided by v.
15
Let x(g) = -g**2 + 10*g - 6. Let s be 3/1 + (-3 - -2). Suppose -3*t + 10 = -s. What is the remainder when x(8) is divided by t?
2
Let b be (-1034)/(-10) - (-6)/10. Suppose -5*p = 3*y - 73, -4*y + 4 + b = -4*p. What is the remainder when y is divided by 9?
8
Let v(b) = 6*b + 2. Let i be v(3). Suppose -i = -2*x + c, -2*x + 4 + 6 = 4*c. What is the remainder when 17 is divided by x?
8
Let h = 22 + -7. What is the remainder when 43 is divided by h?
13
Let c = -6 - -12. Let n = c - -42. Calculate the remainder when n is divided by 17.
14
Suppose 5*p = w + 10*p, 120 = 5*w + p. Let y(z) = 11*z - 1. Let t be y(3). Let x = t + -23. Calculate the remainder when w is divided by x.
7
Suppose 5*o + 4*h - 39 = 0, -h = -0*o - 4*o + 27. Calculate the remainder when 41 is divided by o.
6
Let v be 12 + -2*(2 + -1). Let u(w) = -w**3 + 11*w**2 - 5*w - 12. What is the remainder when u(v) is divided by 20?
18
Let y = 213 - 138. Calculate the remainder when y is divided by 39.
36
Let y = -14 + 26. What is the remainder when 59 is divided by y?
11
Suppose -6*n = -2*n - 24. Calculate the remainder when 10 is divided by n.
4
Suppose 2*s = 1 + 5, -2*l = 3*s - 19. What is the remainder when 16 is divided by l?
1
Let t(m) = -2*m + 0*m + 4*m. What is the remainder when 47 is divided by t(8)?
15
Suppose 2*q = 2*u + 3*q - 45, 2*q - 115 = -5*u. Calculate the remainder when 71 is divided by u.
21
Calculate the remainder when ((-22)/7)/((-11)/77) is divided by 8.
6
Let c(l) = 10*l**2 - l. Let o = -40 + 60. Calculate the remainder when c(2) is divided by o.
18
Suppose -4*s = 2*u + 26, 4*u - 5 = 3*s - 2. Let n = 7 - u. Calculate the remainder when 19 is divided by n.
9
Let j(a) = a**3 + 2*a**2 - 2*a + 1. What is the remainder when j(3) is divided by 14?
12
Let n(v) = 4*v**2 - 2. Calculate the remainder when n(3) is divided by 12.
10
Let y = 7 - 11. Let i(u) = -u**2 - 5*u. Let c be i(y). Suppose 33 = -f + c*f. What is the remainder when 31 is divided by f?
9
Suppose -2*n - 2*n = -164. Suppose -2*k = 3*c - 0*k - n, 5*c - 5*k - 60 = 0. Suppose 28 = 3*f + f. Calculate the remainder when c is divided by f.
6
Suppose 0 = 3*u + 2*u - 420. Suppose 0 = g - 4*g + u. What is the remainder when 55 is divided by g?
27
Let c(k) = k**3 - 4*k**2 + 5. Calculate the remainder when -2*(-2)/(-8)*-178 is divided by c(5).
29
Calculate the remainder when (8 + 1)/(6/28) is divided by 9.
6
Let c be 6*(-2 - (-9 + 1)). Suppose 5*x + 3*k - 42 = 5*k, -4*x + c = -k. Calculate the remainder when 37 is divided by x.
7
Suppose -8 = 5*i + 4*q - 2*q, -3*i + 16 = -4*q. What is the remainder when (i + 28)*(-42)/(-12) is divided by 25?
23
Suppose -40 = 2*u - 4*u. What is the remainder when 77 is divided by u?
17
Let s be 2 + 1 - (-2 + 2). What is the remainder when (s - 3) + (35 - -1) is divided by 13?
10
Let a = 1 - 4. Let p(b) = -b + 1. Let q be p(a). What is the remainder when 19 is divided by (-153)/(-21) + q/(-14)?
5
Suppose -360 + 141 = -x. What is the remainder when x is divided by 44?
43
Let s(g) = g**2 + 3*g + 3. What is the remainder when (-3)/6*-6 - -6 is divided by s(-3)?
0
Let u(j) = j**2 + 4*j + 1. Let t(r) = 2*r**2 - r - 2. Let n be t(2). What is the remainder when u(4) is divided by 17 - (7 - n - 3)?
16
Let w(n) be the first derivative of 17*n**4/4 - 1. Calculate the remainder when w(1) is divided by 9.
8
Let t(x) = -x**3 - 9*x**2 - x - 9. Let k be t(-9). Suppose k = -5*o - 0*o + 345. Calculate the remainder when o is divided by 24.
21
Let o = 45 + -28. Calculate the remainder when 31 is divided by o.
14
Let x(h) = 3*h - 26. What is the remainder when 51 is divided by x(12)?
1
Let a(i) = 4*i**2 - i - 7. Calculate the remainder when a(-3) is divided by 17.
15
Let u(c) = c**3 - 7*c**2 - c + 7. Let d be u(7). Suppose 6*o - o + 10 = d. Calculate the remainder when -2 - (-3 - o) - -6 is divided by 4.
1
Let a(g) = -g**2 - 6*g + 1. Let n(d) = d**2 + 8*d + 6. Let c be n(-6). Let h be a(c). Calculate the remainder when 5 is divided by 1 + h/((-2)/(-4)).
2
Let o be 0/((-2)/(0 - -1)). Suppose w + 2*s + 0*s - 21 = 0, 4*w - 5*s = 45. Suppose o = 3*y + w - 108. Calculate the remainder when y is divided by 16.
15
Suppose -54 = -3*n - 6*n. Calculate the remainder when 21 is divided by n.
3
Suppose t + 4*s - 16 = 2*s, -28 = -2*t - 3*s. Calculate the remainder when 37 is divided by t.
5
Suppose n = -5*y + 91, -2*y = -n + 11 - 46. What is the remainder when 48 is divided by y?
12
Let v be (-16)/6*126/(-8). Suppose 6*m + 25 = m, 0 = j - m - v. Let z = 63 - j. Calculate the remainder when z is divided by 14.
12
Suppose 4*s = 3*s + 53. Let r(j) = -5*j - 2. What is the remainder when s is divided by r(-4)?
17
Let q = 6 - 4. Suppose k = 2*d + q, -k = -5*d - 2 + 3. Suppose -x + 4 = -d. Calculate the remainder when 13 is divided by x.
3
Let x(w) = w**2 + 7*w - 10. Let z be x(-8). Calculate the remainder when 5 is divided by (-4 + z)*(-2)/4.
2
Let h(v) = 4*v. Let o be h(-2). Let l(f) = f**2 + 5*f - 10. What is the remainder when 25 is divided by l(o)?
11
Let r(i) = -i**3 - 13*i**2 - 4*i - 28. What is the remainder when 93 is divided by r(-13)?
21
Let w(p) be the first derivative of -p**4/4 + 8*p**3/3 + 5*p**2 - 11*p - 1. Calculate the remainder when w(8) is divided by 18.
15
Suppose 4*i - 126 - 378 = 0. What is the remainder when i is divided by 43?
40
Calculate the remainder when (-109 + -2)*(-2)/6 is divided by 12.
1
Suppose 0*a - 4*a + 108 = 0. What is the remainder when a is divided by 14?
13
Suppose -19 - 65 = -3*y. What is the remainder when y is divided by 10?
8
Suppose 0 = -2*n - 4*h + 14, 2*n + 4*h = -h + 9. What is the remainder when 50 is divided by n?
16
Suppose -6*d + d = -55. Let n = -6 + d. What is the remainder when 13 is divided by n?
3
Let z = 11 - -12. What is the remainder when z is divided by 7/(-7)*(1 - (10 + -1))?
7
Let u = 185 + -116. Let q be 2 - (u/1)/(-3). Let a = -13 + q. What is the remainder when a is divided by 7?
5
Let h(t) = -11*t**3 + t**2 + t + 1. Calculate the remainder when 45 is divided by h(-1).
9
Suppose 4*w = 12, 3*u - 4*u + w = -24. Calculate the remainder when 107 is divided by u.
26
Suppose -v = 3*v - 8. What is the remainder when (-16)/(-6)*(-6)/(-4) is divided by 2/v - (-7 - -5)?
1
Let t = -6 - -11. Calculate the remainder when 62 is divided by 410/25 - 2/t.
14
Calculate the remainder when 24 is divided by (-3)/(6/26)*-1.
11
Let y(q) = -q**2 + 2*q + 2. Let z be y(-2). Let a = z - -4. What is the remainder when 4 is divided by (a + 1)*-2 - 0?
0
What is the remainder when 75 is divided by 5/(20/8) + 17?
18
Let c = 57 + -44. What is the remainder when 38 is divided by c?
12
Let l(i) = 26*i + 2. What is the remainder when 53 is divided by l(1)?
25
Let q(n) = -n**3 - 5*n**2 + 2*n - 1. Let y = 86 - 80. What is the remainder when q(-6) is divided by y?
5
Suppose 0 = 7*f - 3*f - 176. What is the remainder when 175 is divided by f?
43
Suppose -5*t + 0*t = 3*n - 74, 0 = -5*t - 4*n + 77. What is the remainder when 49 is divided by t?
10
Let m(u) = -u**2 + 4*u + 2. Let l be m(5). Let p = 1 - l. What is the remainder when p is divided by 3?
1
Let s(x) = x**2 - 5*x - 7. Let f be s(-5). Let d = f - 30. What is the remainder when 49 is divided by d?
10
Let f = 1 + 1. What is the remainder when 52 - (-2)/((-2)/f) is divided by 17?
16
Let b = 20 + 30. What is the remainder when b is divided by 17/((-1 + -1)/(-2))?
16
Suppose -10*v - 8 = -12*v. Calculate the remainder when 10 is divided by v.
2
Let h = 30 + -24. What is the remainder when 16 is divided by h?
4
Let b(z) be the second derivative of -z**5/20 - z**4/2 -